hat is 20101 + -1000120?
-210012
In base 10, what is -71415 + 32?
-71383
In base 13, what is -7b - -201a?
1c6c
In base 10, what is -3 - -158720?
158717
In base 15, what is -2 - 2356?
-2358
In base 10, what is 5799 + -15?
5784
In base 12, what is 44863 + 4?
44867
In base 2, what is -110000001011 + -10110?
-110000100001
In base 8, what is 77056 - -41?
77117
In base 5, what is 1324003 - 13?
1323440
In base 9, what is 2 + 200025?
200027
In base 6, what is 4423215 - -3?
4423222
In base 11, what is 2409 + -94?
2325
In base 9, what is -454401 - 5?
-454406
In base 14, what is -3ac - c7?
-495
In base 14, what is 362a + 3?
362d
In base 3, what is -2101202220 + 2?
-2101202211
In base 8, what is -1514 - -30?
-1464
In base 3, what is -210210102111 + -1?
-210210102112
In base 7, what is 55245 - 310?
54635
In base 11, what is -85448 - -5?
-85443
In base 6, what is 1225130 + 3?
1225133
In base 9, what is 0 - 2371?
-2371
In base 7, what is 1240 - 23?
1214
In base 15, what is 9109 - 1?
9108
In base 13, what is 1018b + 3?
10191
In base 9, what is -23 + -38638?
-38662
In base 16, what is 3dad + -12?
3d9b
In base 13, what is -1564 + -443?
-19a7
In base 11, what is 452 - 1151?
-7aa
In base 11, what is 67 + 68a1?
6958
In base 14, what is -a - -51005?
50dd9
In base 15, what is 7 - -35b46?
35b4d
In base 3, what is 10020 + 202212101?
202222121
In base 16, what is 3 - -231e?
2321
In base 7, what is -23634 + 551?
-23053
In base 5, what is -4413 - -21142?
11224
In base 10, what is -120 - 273?
-393
In base 2, what is 1110001010 - 1100110110010?
-1011000101000
In base 4, what is 2100113320 + 1?
2100113321
In base 4, what is 10013 - 3101?
312
In base 4, what is -30032 - -123?
-23303
In base 13, what is -3365 + b6?
-327c
In base 5, what is 222 - -1341?
2113
In base 13, what is 3 - b4698?
-b4695
In base 8, what is 62577 - 3?
62574
In base 13, what is -11 + -68890?
-688a1
In base 8, what is -260 + 4113?
3633
In base 6, what is -1522331 + 2?
-1522325
In base 16, what is 4 - -166e?
1672
In base 3, what is -201 - 20001012?
-20001220
In base 11, what is 0 - 403a48?
-403a48
In base 9, what is 41656 + 2?
41658
In base 9, what is -28350 + 1?
-28348
In base 2, what is 0 - -111001100101011?
111001100101011
In base 11, what is -9 - 64905?
-64913
In base 13, what is 0 + 43bb?
43bb
In base 14, what is -151 + c5?
-6a
In base 13, what is 278b + -31?
275a
In base 8, what is -1 + 1474011?
1474010
In base 14, what is -11cd + -96?
-1285
In base 11, what is -23 - -174487?
174464
In base 2, what is 101101101 - 11?
101101010
In base 7, what is 234 - 1056?
-522
In base 6, what is -32254 - -5?
-32245
In base 10, what is -124513 - -3?
-124510
In base 4, what is -10233333 - 321?
-10300320
In base 2, what is -11010110001100100001 + 100?
-11010110001100011101
In base 6, what is -1024 + 0?
-1024
In base 3, what is -11 + -21222222?
-22000010
In base 11, what is 23390 - -23?
23403
In base 4, what is -11 - -33033300?
33033223
In base 15, what is 3324 - -13?
3337
In base 16, what is -91735 - -4?
-91731
In base 3, what is -112212 - -2112?
-110100
In base 8, what is 1265 + -162?
1103
In base 14, what is 16 + -101ac?
-10196
In base 8, what is -5 + -42651?
-42656
In base 6, what is -22254 + -35?
-22333
In base 4, what is 11312 - -21030?
33002
In base 16, what is -4 - bfbd?
-bfc1
In base 12, what is -439 + -a0?
-519
In base 14, what is 0 - -7a8a?
7a8a
In base 6, what is 51404 + -4?
51400
In base 12, what is 14542 - 15?
14529
In base 10, what is 0 - -10508?
10508
In base 7, what is 13111 + -164?
12614
In base 16, what is c6b9 + 4?
c6bd
In base 8, what is -3105071 - -4?
-3105065
In base 11, what is -a2673 + 5?
-a2669
In base 11, what is 1672 + -35a?
1313
In base 11, what is 66 + -48774?
-48709
In base 11, what is -3 + -2775?
-2778
In base 12, what is 16539 + 4?
16541
In base 7, what is 102635 - 6?
102626
In base 14, what is 2db0 - 6?
2da8
In base 12, what is -5bba3 - -4?
-5bb9b
In base 8, what is -431 - -505?
54
In base 13, what is -3 + -85694?
-85697
In base 16, what is -3 + -8dd?
-8e0
In base 6, what is -1 - 113401?
-113402
In base 13, what is -5 + 3b4346?
3b4341
In base 8, what is -32240 - 10?
-32250
In base 9, what is -2174 - -853?
-1221
In base 11, what is 5 - -440a?
4414
In base 2, what is -1001001110111 - 111?
-1001001111110
In base 4, what is -1032 + 3112322?
3111230
In base 8, what is -15 + -33753?
-33770
In base 3, what is -122221 + 1220?
-121001
In base 14, what is 101b5c - -2?
101b60
In base 10, what is -3938 + 14?
-3924
In base 7, what is 3 + 141354?
141360
In base 11, what is -1aa - 36?
-235
In base 12, what is 55a - 216?
344
In base 2, what is 101001111 - -11011110?
1000101101
In base 8, what is -22 - 17543?
-17565
In base 8, what is -3252 - 3001?
-6253
In base 9, what is 6822 - -6?
6828
In base 13, what is -b0 + 13a?
5a
In base 8, what is -2 + 63035?
63033
In base 2, what is -100110100001 + 1001010?
-100101010111
In base 5, what is 1133340 - -14?
1133404
In base 12, what is 1014 - -3?
1017
In base 2, what is -1010010001 - 1110101100?
-11000111101
In base 6, what is 1040310534 - 0?
1040310534
In base 14, what is 4b - -1089?
10d6
In base 4, what is -30231 + 230?
-30001
In base 9, what is -68607 + 3?
-68604
In base 5, what is -23 + 13220024?
13220001
In base 4, what is -2 - -2231210?
2231202
In base 12, what is a2 + -930?
-84a
In base 15, what is -3953 + 3?
-3950
In base 16, what is 79a - -11?
7ab
In base 10, what is 24612 - -40?
24652
In base 5, what is -10433214 - -2?
-10433212
In base 8, what is -40646 + -1?
-40647
In base 9, what is 1627 - -10?
1637
In base 11, what is 1 - 524a?
-5249
In base 2, what is 100100 - 110111011101?
-110110111001
In base 3, what is 11001210220 + 12?
11001211002
In base 7, what is -223523 + 10?
-223513
In base 11, what is -39 + 277?
239
In base 8, what is 0 - 65354?
-65354
In base 16, what is -23f7 + 16?
-23e1
In base 3, what is -2201001011 + 112?
-2201000122
In base 16, what is -4d06c + 1?
-4d06b
In base 12, what is -994 + -1a?
-9b2
In base 5, what is 141020 + 21?
141041
In base 4, what is 22011 + 20213?
102230
In base 12, what is -3 + -26a7?
-26aa
In base 15, what is 3917 + 19?
3931
In base 12, what is 647a5 - -1?
647a6
In base 3, what is 212012002 - -12?
212012021
In base 11, what is -154763 - -8?
-154756
In base 9, what is 2636 - -21?
2657
In base 16, what is 7 + -4d59?
-4d52
In base 9, what is 2 - 47275?
-47273
In base 5, what is -232 + 103011?
102224
In base 7, what is -1131 - -60?
-1041
In base 9, what is -53 - -631?
567
In base 6, what is 3240 - 114?
3122
In base 16, what is -176 - 46?
-1bc
In base 9, what is -73082 + 52?
-73030
In base 6, what is -3 - 155235?
-155242
In base 4, what is 22121133 - -2?
22121201
In base 15, what is 14032e + 1?
140330
In base 5, what is -313 + 2033021?
2032203
In base 16, what is 4a - -aa?
f4
In base 5, what is -142120031 + -14?
-142120100
In base 12, what is 4 - -36a6?
36aa
In base 16, what is -2 + -3da2?
-3da4
In base 11, what is -1 - 538594?
-538595
In base 14, what is -49718 + 4?
-49714
In base 3, what is 2220210122 - 20?
2220210102
In base 3, what is 22010110102120 - 0?
22010110102120
In base 12, what is 711 - -21?
732
In base 4, what is -203232 - 10?
-203302
In base 16, what is 6c - 2ba?
-24e
In base 9, what is 1 + 15256?
15257
In base 4, what is 10012122 - 2000?
10010122
In base 6, what is 24 - 10435?
-10411
In base 9, what is 27088 + -4?
27084
In base 12, what is 50 - 113?
-83
In base 14, what is 6c32 + -44?
6bcc
In base 7, what is -165 - 440130?
-440325
In base 9, what is -14 + -1730?
-1744
In base 15, what is -63 - -c76?
c13
In base 13, what is 6a5 + 28b?
963
In base 12, what is -3566 - -6?
-3560
In base 9, what is -3845 + 43?
-3802
In base 10, what is -14706 - 22?
-14728
In base 10, what is -19 - -55937?
55918
In base 3, what is 10 + 12001202?
12001212
In base 9, what is -165 + 3387?
3222
In base 13, what is -4 - 606c?
-6073
In base 6, what is -31 - -43332?
43301
In base 8, what is -41 + 1102?
1041
In base 5, what is 114 - -403431?
404100
In base 8, what is -1752 + -44?
-2016
In base 15, what is -a1b2 + -1?
-a1b3
In base 12, what is 3b - 167?
-128
In base 2, what is -1000000 - 1011111?
-10011111
In base 15, what is 3 - ccd3d?
-ccd3a
In base 11, what is 41318 - 4?
41314
In base 7, what is -656543 + -1?
-656544
In base 16